*k - 19, 13 = -n - 3*k. What is the hundreds digit of 1/1 - n/(39/630)?
2
Suppose 0 = c - 4, 22*a - 1784 = 18*a - 4*c. What is the tens digit of a?
4
Let b(d) = 12*d + 5. Let s be b(10). Suppose -2*q + 77 + s = 0. What is the units digit of q?
1
Let b(k) = -5*k - 1 + 3 - 109*k**2 + 110*k**2. Let u be b(4). What is the tens digit of u + 20*3 + -4?
5
Let c = -25 - -28. Suppose -c*i - 2*q = -7 - 8, 0 = q. What is the units digit of i?
5
Suppose t + 5*w = 3*t - 799, 2*t = 4*w + 800. What is the hundreds digit of t?
4
Suppose 230 = 3*j - z, z + 49 + 29 = j. Let g be 1/4 - j/(-16). Suppose -245 = -4*t + g*x, 4*t + 2*x - 176 = 34. What is the units digit of t?
5
What is the tens digit of 1 - (18/3 - 6) - -2837?
3
Let d = -1670 + 1919. What is the hundreds digit of d?
2
Suppose 7*g - 1971 = 8788. What is the thousands digit of g?
1
Suppose 0 = 3*u + 3 + 3. Let x be (-283)/(-10) + (-390)/1300. Let i = u + x. What is the units digit of i?
6
Suppose 43*t - 7122 = -3*g + 38*t, 4*t + 2391 = g. What is the hundreds digit of g?
3
Let y(d) = -2*d + 24. Let o be y(11). Suppose o*r + 14 = 156. What is the tens digit of r?
7
Let n = 643 + -353. Suppose -2*b + 210 = 2*u, n = 3*b - 3*u + u. What is the tens digit of b?
0
Suppose a = 2*d + 620 + 229, 2547 = 3*a + 2*d. Suppose -4*m - j + 1132 = 0, -a = -3*m + j - 0*j. What is the units digit of m?
3
Let a be (-2)/((10/17)/5). Let g = 72 + a. Let r = -32 + g. What is the tens digit of r?
2
Let f be (6/15)/(6/15). What is the tens digit of (f*6/(-4))/(34/(-748))?
3
Suppose -4*o + 0*o = 120. Let f = -28 - o. Suppose 5*s = 4*b + 50, -3*s + 2*b = -f*s - 10. What is the tens digit of s?
1
Suppose -2*r = 4*y + 2302, 1722 = 3*y - 6*y - 3*r. Let s be y + 4/8*2. What is the tens digit of 20/(-110) + s/(-22)?
2
Suppose 758 = -29*z + 12445. What is the hundreds digit of z?
4
Suppose -2*x + 20 = 2*l, -3*x - 42 = -0*l - 5*l. Let p(f) = -f + 2. Let w be p(-2). Suppose 5*j - l*j = -w. What is the units digit of j?
1
Let q be 10/30*(1 - -8). Suppose -q = m - 53. What is the units digit of m?
0
Let h = -3559 + 5059. What is the tens digit of h?
0
Let n(q) = q + 5. Let o be n(-5). Suppose o = -4*x + x. Suppose -12 = -w - x*w. What is the tens digit of w?
1
Suppose 3*c = -5*i + 35, -5*i = -3*i + 4*c - 28. Suppose 0 = y + m - 49 - 57, i*y + 5*m = 426. What is the units digit of y?
4
What is the thousands digit of (-5 - (-8 - -2))/(5/29675)?
5
Let u(y) = y**2 - 16*y - 49. Let g be u(26). Suppose g + 1265 = 12*m. What is the tens digit of m?
2
Suppose -6 - 6 = -4*g. Suppose -4*d - g + 539 = 0. What is the units digit of d?
4
Suppose -11*v = -2 - 9. What is the units digit of (1/v)/(3/45)?
5
Let i(d) = 820*d + 410. What is the units digit of i(5)?
0
What is the tens digit of 953 + (6/5)/((-18)/(-45))?
5
Let k(b) = 60*b**2 - 15*b + 36. What is the hundreds digit of k(3)?
5
Suppose 48 + 2 = 2*y. Let a be 95/y + (-3)/(-15). Let u(c) = 5*c - 4. What is the tens digit of u(a)?
1
Let u(q) = -q**3 - 6*q**2 - 6*q - 6. Let k be u(-5). Let r = -1 - k. Suppose r*t + 85 = 5*t. What is the tens digit of t?
1
Let x(f) = 43*f**2 + 9*f - 2. What is the tens digit of x(4)?
2
Suppose 5*y - 5*r - 80 = 0, -4*y + 4*r = y - 78. Suppose g - y = -8. Let j = 10 - g. What is the units digit of j?
4
Suppose 0 = 3*v + 11*v - 1512. What is the tens digit of v?
0
Let s be ((-11)/(198/(-12)))/(3/549). Suppose s = 6*h - 280. What is the units digit of h?
7
Let x(q) = -262*q - 3. Let o be x(-2). Suppose -4*t = -o + 173. Let m = -57 + t. What is the tens digit of m?
3
Suppose 4*g + 4 = -12, 20 = 5*l - 5*g. Let q be 10/(-4)*(-2 - l). Let v = q + 1. What is the units digit of v?
6
Let v(d) = -d**2 + 11*d - 2. Let w be v(10). Suppose -a + w + 26 = 0. What is the tens digit of a?
3
Suppose -1929 = 8*j - 6289. What is the tens digit of j?
4
What is the units digit of 556073/185 + (-8)/10?
5
Let b be 0 + 10*1 + -1. Let u be 4/3 + 4704/36. What is the tens digit of 30/b*u/10?
4
What is the units digit of 3/18 - (3421/6)/(-11)?
2
Let v = 144 + -28. Let o = v - 81. What is the units digit of o?
5
Let p be -2 - (2 - (-1 + 1)). Let z = p + 79. What is the tens digit of z?
7
Suppose 3*t - 3*q - 547 = 50, -3*t - 4*q + 611 = 0. What is the hundreds digit of t?
2
Let g = 21 + -3. Suppose i = -2*z - 2*z - 12, z = -i. Let v = g - i. What is the units digit of v?
4
Suppose -3*j = 5*u - 49, 5*j - 12 = -8*u + 6*u. What is the tens digit of u?
1
Let u(g) = g**2 - 13. Let o be u(-11). Suppose 0 = 2*z - 18 - o. What is the units digit of z?
3
Let g = 1423 - 686. What is the hundreds digit of g?
7
Suppose -4*r = -5*t + 20, 0 = -5*t - 5*r - 30 + 5. Let o = t + 14. What is the tens digit of (-18)/63 + 704/o?
5
Let f be (55/10)/(2/4). Let c = -15 + f. What is the tens digit of (-1)/c + (-141)/(-12)?
1
Suppose 2*g + 672 = 4*g. What is the hundreds digit of g?
3
Let j(r) = r + 22. Let o(l) = 4*l**2 - 1. Let g be o(1). Suppose -2*a = -g*a. What is the units digit of j(a)?
2
Suppose -63*v - 57*v + 163560 = 0. What is the hundreds digit of v?
3
Suppose 7*q - 3 = 8*q. Let t = q + 11. What is the units digit of t?
8
Let a be (77 - -1)*4/3. Let i be (-54)/((1 - 1) + 1 - 2). Let x = a - i. What is the tens digit of x?
5
Suppose 759 - 12379 = -7*s. What is the tens digit of s?
6
Suppose -k - 4*k = 4*u - 15, -2*u = 0. Let h(j) = -j + 2 + k*j - 7. What is the units digit of h(12)?
9
Suppose 0 = -2*f - 3*f + 75. What is the hundreds digit of (-5)/(f/(-9)) + 111?
1
Let t be (-238)/(-22) + 20/110. Let h = t + -9. Suppose h*d = -2, 6*b - 139 = b + 4*d. What is the tens digit of b?
2
Let t(b) = b**3 + 10*b**2 - 28*b - 26. Let y be t(-12). Suppose y*l - 24*l + 116 = 0. What is the tens digit of l?
5
Suppose -1113 = -k - 4*l, -7*k + 5*l - 2214 = -9*k. Suppose 0*w + 4*u + 648 = 3*w, -k = -5*w + u. What is the units digit of w?
0
Suppose 5*k + 6 = 2*k. What is the units digit of (104 - -1)/3 + k?
3
Let s = 5010 + -3474. What is the units digit of s?
6
Let o(d) = 1. Let m(g) = 46*g + 3. Let z(c) = m(c) - 2*o(c). Let q be z(3). Suppose -4*s + 1 = -q. What is the units digit of s?
5
Suppose -64*b = -67*b + 1170. What is the tens digit of b?
9
Suppose -6*j = -3*j - 4*f - 160, 0 = -4*j - 2*f + 250. Suppose 0 = -2*d - 2*d + j. What is the tens digit of d?
1
Suppose 36823 = -0*j + 23*j. What is the thousands digit of j?
1
Let q(v) = -129*v + 30. Let g(l) = -13*l + 3. Let d(m) = -21*g(m) + 2*q(m). What is the hundreds digit of d(10)?
1
What is the tens digit of 6/((-4)/(-6) - 4264/6504)?
4
Let a(v) = -3*v - 7. Let y be a(-6). Let s(x) = x**3 - 10*x**2 - 9*x - 9. Let r be s(y). Suppose 4*q - 89 = -r. What is the units digit of q?
9
Let n be (6/18)/(1/9). Let q be n + (0 - -2 - 3). Suppose 5*o - 19 = q*d, -2*o = d - 3*d - 10. What is the units digit of o?
3
Let x(d) = 161*d + 33. What is the hundreds digit of x(6)?
9
Let s = -12 - -15. Suppose k + 112 + 93 = 5*o, -25 = -o - s*k. Suppose -4*t + t + 11 = -l, -5*l + o = 4*t. What is the units digit of l?
4
Let p(d) = -30 - 3*d - 3*d - 5*d - 31*d. What is the tens digit of p(-4)?
3
Let i = -97 + 100. Suppose 102 = i*s - r, 3*s - 6*r = -7*r + 108. What is the units digit of s?
5
Let q(a) = 2*a + 16. Let m be q(-8). Suppose -p = -m*p - 5. What is the units digit of p?
5
Suppose 0 = -5*w + w + 80. What is the tens digit of (-4)/20 - (-1324)/w?
6
Let h be ((-66)/24)/((-1)/32). Suppose 0 = -3*g - h + 322. Let l = 110 - g. What is the units digit of l?
2
Let r = -958 - -1873. What is the hundreds digit of r?
9
Suppose b = 4*f - 344, b = -f - 4*f + 421. Suppose 0 = 4*h - 4*a - 188, h + 2*a - 63 + 7 = 0. Let x = f - h. What is the units digit of x?
5
What is the units digit of 7553/5 + 8/20?
1
Suppose 3*d = -2*d - 10, -2*i = -d. Let t be i/1*-89 - -4. Suppose x - 4*x = -t. What is the tens digit of x?
3
Suppose 0 = -c - 2, 3750 = 2*b + 27*c - 26*c. What is the hundreds digit of b?
8
Suppose -64*i = -55*i - 22635. What is the units digit of i?
5
What is the hundreds digit of (0 - 38)*-53 - 2/(-2)?
0
Suppose 0 = -5*w + 25, 64 = 4*p + 5*w - 317. What is the tens digit of p?
8
Suppose 74*o + 8324 = 78*o - 3*r, 0 = o - 4*r - 2094. What is the units digit of o?
8
Suppose -2*r - 3*z = -6197, -2*r + 3*z = 2*r - 12439. What is the units digit of r?
6
Let n = 20 + -28. Let p = 11 + n. Suppose -p*